{"id":142,"date":"2024-06-21T20:05:03","date_gmt":"2024-06-21T20:05:03","guid":{"rendered":"https:\/\/www.fotoseminario.net\/1sem\/?page_id=142"},"modified":"2025-06-20T18:40:20","modified_gmt":"2025-06-20T18:40:20","slug":"el-seminario","status":"publish","type":"page","link":"https:\/\/www.fotoseminario.net\/1sem\/el-seminario\/","title":{"rendered":"El seminario"},"content":{"rendered":"\n<div style=\"height:8px\" aria-hidden=\"true\" class=\"wp-block-spacer\"><\/div>\n\n\n\n<h3 class=\"wp-block-heading\" id=\"II.\">El seminario y sus alcances<\/h3>\n\n\n\n<p>El Seminario de Fotograf\u00eda del Cenidiap (Estrategias de representaci\u00f3n y recursos discursivos) se plantea como un espacio acad\u00e9mico dedicado a la reflexi\u00f3n y producci\u00f3n de obras visuales basadas en fotograf\u00eda. Sus actividades toman como punto de partida un dise\u00f1o metodol\u00f3gico que busca describir y analizar las decisiones creativas de las y los autores para ubicar los g\u00e9neros, las tem\u00e1ticas y las alternativas formales en las que se inscriben, es decir, lo que <em>es representado,<\/em> y tratar de discernir cruces con diferentes posibilidades de articulaci\u00f3n discursiva, con la intenci\u00f3n no solo de reconocer categor\u00edas estil\u00edsticas, sino tambi\u00e9n las intenciones y los motivos que permean la creaci\u00f3n fotogr\u00e1fica.<\/p>\n\n\n\n<p>Este proceso de observaci\u00f3n considera diferentes recursos conceptuales e incorpora las principales corrientes de la teor\u00eda cr\u00edtica con respecto a la imagen, al tiempo que recurre a la br\u00fajula historiogr\u00e1fica para trazar coordenadas espaciotemporales que permitan incorporar los contextos socioart\u00edsticos a estas din\u00e1micas de reconocimiento y an\u00e1lisis.<\/p>\n\n\n\n<p><em>Pensar la fotograf\u00eda<\/em> ha sido uno de los principales objetivos del seminario, planteamiento que implica una sutil diferencia con relaci\u00f3n a la postura m\u00e1s abarcadora de <em>reflexionar sobre la imagen<\/em>. En todo caso, lo que se busca es incidir en el pensamiento acerca de las im\u00e1genes sin olvidar su especie, sin omitir su naturaleza mec\u00e1nica, tomando en cuenta la fase procesual que involucra, aunque la inmediatez digital sugiera otra perspectiva, pues la producci\u00f3n fotogr\u00e1fica es inseparable de sus procesos t\u00e9cnicos, qu\u00edmicos o electr\u00f3nicos. Tambi\u00e9n, como toda obra art\u00edstica, conlleva motivaciones personales: la creatividad est\u00e1 condicionada por la constante confrontaci\u00f3n entre la certeza y la duda. A partir de esta aparente dualidad, pensar la fotograf\u00eda y lidiar con la subjetividad creadora es la manera como se han desahogado los proyectos.<\/p>\n\n\n\n<p>En el seminario se ha buscado una f\u00f3rmula original de trabajo, tratando de apartarse del modelo did\u00e1ctico talleril y, en cambio, explorar una din\u00e1mica de laboratorio de creaci\u00f3n reflexiva, que incluya la germinaci\u00f3n de proyectos art\u00edsticos que abonen a la discusi\u00f3n actual del medio. Ser\u00e1 responsabilidad de las y los participantes mantenerlo como un espacio cr\u00edtico y autogestivo que promueva la libertad creativa en una din\u00e1mica horizontal para el an\u00e1lisis. El primero de los m\u00f3dulos en que hemos dividido el seminario est\u00e1 dedicado al cuerpo<em>. <\/em>Presentamos cinco proyectos originales, desarrollados a lo largo de m\u00e1s de un a\u00f1o de trabajo, mediados por discusiones generadoras de certezas e incertidumbres, detonadas por un comprometido grupo de personas que se reuni\u00f3 quincenalmente a pensar la fotograf\u00eda.<\/p>\n\n\n\n<p><\/p>\n\n\n\n<p>Cesar G. Palomino<\/p>\n\n\n\n<p class=\"has-text-align-right\"><\/p>\n","protected":false},"excerpt":{"rendered":"<p>El seminario y sus alcances El Seminario de Fotograf\u00eda del Cenidiap (Estrategias de representaci\u00f3n y recursos discursivos) se plantea como un espacio acad\u00e9mico dedicado a la reflexi\u00f3n y producci\u00f3n de obras visuales basadas en fotograf\u00eda. Sus actividades toman como punto de partida un dise\u00f1o metodol\u00f3gico que busca describir y analizar las decisiones creativas de las [&hellip;]<\/p>\n","protected":false},"author":1,"featured_media":0,"parent":0,"menu_order":0,"comment_status":"closed","ping_status":"closed","template":"page-no-title","meta":{"footnotes":""},"class_list":["post-142","page","type-page","status-publish","hentry"],"_links":{"self":[{"href":"https:\/\/www.fotoseminario.net\/1sem\/wp-json\/wp\/v2\/pages\/142","targetHints":{"allow":["GET"]}}],"collection":[{"href":"https:\/\/www.fotoseminario.net\/1sem\/wp-json\/wp\/v2\/pages"}],"about":[{"href":"https:\/\/www.fotoseminario.net\/1sem\/wp-json\/wp\/v2\/types\/page"}],"author":[{"embeddable":true,"href":"https:\/\/www.fotoseminario.net\/1sem\/wp-json\/wp\/v2\/users\/1"}],"replies":[{"embeddable":true,"href":"https:\/\/www.fotoseminario.net\/1sem\/wp-json\/wp\/v2\/comments?post=142"}],"version-history":[{"count":13,"href":"https:\/\/www.fotoseminario.net\/1sem\/wp-json\/wp\/v2\/pages\/142\/revisions"}],"predecessor-version":[{"id":531,"href":"https:\/\/www.fotoseminario.net\/1sem\/wp-json\/wp\/v2\/pages\/142\/revisions\/531"}],"wp:attachment":[{"href":"https:\/\/www.fotoseminario.net\/1sem\/wp-json\/wp\/v2\/media?parent=142"}],"curies":[{"name":"wp","href":"https:\/\/api.w.org\/{rel}","templated":true}]}}