{"id":41,"date":"2024-06-21T13:02:12","date_gmt":"2024-06-21T13:02:12","guid":{"rendered":"https:\/\/www.fotoseminario.net\/1sem\/?page_id=41"},"modified":"2025-06-20T18:33:09","modified_gmt":"2025-06-20T18:33:09","slug":"el-buho-de-minerva","status":"publish","type":"page","link":"https:\/\/www.fotoseminario.net\/1sem\/el-buho-de-minerva\/","title":{"rendered":"El b\u00faho de Minerva"},"content":{"rendered":"\n<p class=\"has-text-align-left\">Lourdes Corzo<\/p>\n\n\n\n<p class=\"has-text-align-right\"><em>Vivo de aquello que los otros no saben de m\u00ed.<\/em><br>Peter Handke<\/p>\n\n\n\n<p class=\"has-text-align-right\">&nbsp;&nbsp;&nbsp;&nbsp;<\/p>\n\n\n\n<p>Nos estamos vistiendo transparentes, pero la desnudez que mostramos es falsa, como si fuera un perchero donde elegimos lo que vamos a usar cada d\u00eda; es una simulaci\u00f3n.<\/p>\n\n\n<div class='yrm-content yrm-content-1 yrm-content-hide ' id='yrm-Wc7Re' data-id='1' data-show-status='false' data-after-action='' style=\"visibility: hidden;height: 0;\">\n\t\t\t<div id='yrm-inner-content-yrm-Wc7Re' class='yrm-inner-content-wrapper yrm-cntent-1'><\/p>\n\n\n\n<p>Nuestra piel, nuestro cuerpo, va guardando la evidancia de los sucesos que nos han marcado. Las heridas dejan rastro, hacen marcas que se ven y otras que no se notan.<\/p>\n\n\n\n<p>Nuestro cuerpo se convierte en soporte y territorio de vivencias donde cada cicatr\u00edz sanada ha dejado huella, que a manera de mapa va trazando caminos y conexiones, cruces y bifurcaciones individuales parecidas al <em>kintsugi<\/em>, dotando al sujeto del valor a\u00f1adido que otorgan las batallas ganadas.<\/p>\n\n\n\n<p>Esta dualidad que evoca el desgaste que obra sobre las cosas f\u00edsicas y, por tanto, sobre el cuerpo humano al paso del tiempo produce decadencia, sin embargo, simult\u00e1neamente otorga valor a nuestras imperfecciones.<\/p>\n\n\n\n<p>A veces, nuestros defectos son nuestras mayores virtudes.<\/p>\n\n\n\n<p>Asi como el b\u00faho de Minerva que le muestra su mensaje cuando el d\u00eda ha terminado, es decir, despues de una retrospectiva informada, as\u00ed muestro los eventos que me han dejado huella, cuando cicatrizan y cuando est\u00e1n en proceso de hacerlo.<\/p>\n\n\n\n<p>Las cicatrices causadas se insertan en nosotros en diferentes capas, de manera aristot\u00e9lica lo hacen en raz\u00f3n, cuerpo y alma. Las represento con im\u00e1genes que van del exterior al interior en la realidad humana.<\/p>\n\n\n\n<p>Un tema que debe ser visto de manera individual requiere una escala peque\u00f1a. Son secretos que guarda la piel. Lo que depositamos en el fondo es extremadamente d\u00e9bil y quebradizo y requerimos protegerlo.<\/p>\n\n\n\n<p>Compuesta por un conjunto de estuches de acr\u00edlico, que evocan las cajas de Petri utilizadas para contener cultivos y analizar su evoluci\u00f3n, presento series de tres piezas que muestran de manera metaf\u00f3rica los niveles de significaci\u00f3n por capas hasta llegar a las m\u00e1s profundas, a trav\u00e9s de im\u00e1genes fotogr\u00e1ficas, texto y objetos.<\/p>\n\n\n\n<p>Estas tres piezas de acr\u00edlico est\u00e1n contenidas por peque\u00f1as cajas, cada una correspondiente a cada cicatriz. Algunas otras van solas y representan heridas no sanadas.<\/p>\n\n\n\n<p>Como un mapa, las cajas est\u00e1n distribuidas sobre un plano, rodeadas por peque\u00f1os rollos de papel, cada uno conteniendo la historia de cada d\u00eda de mi vida; ellas representan las diferentes etapas: tranquila o agitada, uniforme o desequilibrada.<\/p>\n\n\n\n<p class=\"has-text-align-right\"><em>Como esa forma que el tiempo encuentra de que<\/em><br><em>nunca olvidemos las heridas.<\/em><\/p>\n\n\n\n<p class=\"has-text-align-right\">Piedad Bonnett<\/p>\n\n\n\n<p><\/div>\n\t\t<\/div><div class='yrm-btn-wrapper yrm-btn-wrapper-1 yrm-more-button-wrapper  '\n\t\tdata-custom-more-class-name='' data-custom-less-class-name=''><span title='Leer m\u00e1s' data-less-title='Esconder texto' data-more-title='Leer m\u00e1s' class='yrm-toggle-expand  yrm-toggle-expand-1 ' data-rel='yrm-Wc7Re' data-more='Leer m\u00e1s \u25bc' data-less='Esconder texto \u25b2'><span class='yrm-text-wrapper yrm-text-wrapper-custom-dimensions'><span class=\"yrm-button-text-1 yrm-button-text-span\">Leer m\u00e1s \u25bc<\/span><\/span><\/span><\/div>\n\n\n\n<div style=\"height:70px\" aria-hidden=\"true\" class=\"wp-block-spacer\"><\/div>\n\n\n\n\n\n\n<div style=\"height:100px\" aria-hidden=\"true\" class=\"wp-block-spacer\"><\/div>\n\n\n\n<hr class=\"wp-block-separator has-alpha-channel-opacity\"\/>\n\n\n\n<div style=\"height:77px\" aria-hidden=\"true\" class=\"wp-block-spacer\"><\/div>\n","protected":false},"excerpt":{"rendered":"<p>Lourdes Corzo Vivo de aquello que los otros no saben de m\u00ed.Peter Handke &nbsp;&nbsp;&nbsp;&nbsp; Nos estamos vistiendo transparentes, pero la desnudez que mostramos es falsa, como si fuera un perchero donde elegimos lo que vamos a usar cada d\u00eda; es una simulaci\u00f3n.<\/p>\n","protected":false},"author":1,"featured_media":54,"parent":0,"menu_order":0,"comment_status":"open","ping_status":"closed","template":"wp-custom-template-plantilla-personalizada","meta":{"footnotes":""},"class_list":["post-41","page","type-page","status-publish","has-post-thumbnail","hentry"],"_links":{"self":[{"href":"https:\/\/www.fotoseminario.net\/1sem\/wp-json\/wp\/v2\/pages\/41","targetHints":{"allow":["GET"]}}],"collection":[{"href":"https:\/\/www.fotoseminario.net\/1sem\/wp-json\/wp\/v2\/pages"}],"about":[{"href":"https:\/\/www.fotoseminario.net\/1sem\/wp-json\/wp\/v2\/types\/page"}],"author":[{"embeddable":true,"href":"https:\/\/www.fotoseminario.net\/1sem\/wp-json\/wp\/v2\/users\/1"}],"replies":[{"embeddable":true,"href":"https:\/\/www.fotoseminario.net\/1sem\/wp-json\/wp\/v2\/comments?post=41"}],"version-history":[{"count":11,"href":"https:\/\/www.fotoseminario.net\/1sem\/wp-json\/wp\/v2\/pages\/41\/revisions"}],"predecessor-version":[{"id":540,"href":"https:\/\/www.fotoseminario.net\/1sem\/wp-json\/wp\/v2\/pages\/41\/revisions\/540"}],"wp:featuredmedia":[{"embeddable":true,"href":"https:\/\/www.fotoseminario.net\/1sem\/wp-json\/wp\/v2\/media\/54"}],"wp:attachment":[{"href":"https:\/\/www.fotoseminario.net\/1sem\/wp-json\/wp\/v2\/media?parent=41"}],"curies":[{"name":"wp","href":"https:\/\/api.w.org\/{rel}","templated":true}]}}