{"id":422,"date":"2025-02-22T04:13:38","date_gmt":"2025-02-22T04:13:38","guid":{"rendered":"https:\/\/www.fotoseminario.net\/1sem\/?page_id=422"},"modified":"2025-02-22T04:13:38","modified_gmt":"2025-02-22T04:13:38","slug":"cesar-g-palomino","status":"publish","type":"page","link":"https:\/\/www.fotoseminario.net\/1sem\/cesar-g-palomino\/","title":{"rendered":"C\u00e9sar G. Palomino"},"content":{"rendered":"\n<p>Ciudad de M\u00e9xico, 1967, Investigador de artes visuales en el Cenidiap desde 1989. Fot\u00f3grafo, formado profesionalmente en los a\u00f1os ochenta en el \u00e1mbito de la fotograf\u00eda qu\u00edmica. Especialista en reproducci\u00f3n de obras de arte y reprograf\u00eda documental, impresor de procesos fotogr\u00e1ficos calidad archivo. Actualmente especializado en las nuevas tecnolog\u00edas de la imagen y su aplicaci\u00f3n en procesos de producci\u00f3n art\u00edstica y documental. En el \u00e1mbito acad\u00e9mico ha dictado conferencias y ha publicado textos relacionados con la historia de la fotograf\u00eda mexicana y su vinculaci\u00f3n con el arte; ha impartido cursos de gesti\u00f3n de im\u00e1genes para proyectos de investigaci\u00f3n art\u00edstica y talleres de t\u00e9cnicas de reproducci\u00f3n fotogr\u00e1fica anal\u00f3gica y digital. Ha realizado curadur\u00edas, ha sido miembro del Consejo Acad\u00e9mico del Cenidiap y del Consejo Editorial de la revista\u00a0<em>Discurso Visual<\/em>; asimismo, ha fungido como jurado y tutor para diferentes emisiones del entonces Fondo Nacional para la Cultura y las Artes. Paralelamente mantiene una producci\u00f3n de trabajo art\u00edstico personal, el cual ha tenido la oportunidad de mostrarlo en diversas exposiciones. Actualmente coordina el Seminario de Fotograf\u00eda del Cenidiap. Estrategias de representaci\u00f3n y recursos discursivos.<\/p>\n\n\n\n<div style=\"height:50px\" aria-hidden=\"true\" class=\"wp-block-spacer\"><\/div>\n","protected":false},"excerpt":{"rendered":"<p>Ciudad de M\u00e9xico, 1967, Investigador de artes visuales en el Cenidiap desde 1989. Fot\u00f3grafo, formado profesionalmente en los a\u00f1os ochenta en el \u00e1mbito de la fotograf\u00eda qu\u00edmica. Especialista en reproducci\u00f3n de obras de arte y reprograf\u00eda documental, impresor de procesos fotogr\u00e1ficos calidad archivo. Actualmente especializado en las nuevas tecnolog\u00edas de la imagen y su aplicaci\u00f3n [&hellip;]<\/p>\n","protected":false},"author":1,"featured_media":0,"parent":0,"menu_order":0,"comment_status":"closed","ping_status":"closed","template":"","meta":{"footnotes":""},"class_list":["post-422","page","type-page","status-publish","hentry"],"_links":{"self":[{"href":"https:\/\/www.fotoseminario.net\/1sem\/wp-json\/wp\/v2\/pages\/422","targetHints":{"allow":["GET"]}}],"collection":[{"href":"https:\/\/www.fotoseminario.net\/1sem\/wp-json\/wp\/v2\/pages"}],"about":[{"href":"https:\/\/www.fotoseminario.net\/1sem\/wp-json\/wp\/v2\/types\/page"}],"author":[{"embeddable":true,"href":"https:\/\/www.fotoseminario.net\/1sem\/wp-json\/wp\/v2\/users\/1"}],"replies":[{"embeddable":true,"href":"https:\/\/www.fotoseminario.net\/1sem\/wp-json\/wp\/v2\/comments?post=422"}],"version-history":[{"count":1,"href":"https:\/\/www.fotoseminario.net\/1sem\/wp-json\/wp\/v2\/pages\/422\/revisions"}],"predecessor-version":[{"id":423,"href":"https:\/\/www.fotoseminario.net\/1sem\/wp-json\/wp\/v2\/pages\/422\/revisions\/423"}],"wp:attachment":[{"href":"https:\/\/www.fotoseminario.net\/1sem\/wp-json\/wp\/v2\/media?parent=422"}],"curies":[{"name":"wp","href":"https:\/\/api.w.org\/{rel}","templated":true}]}}